{"id":82,"date":"2018-06-24T03:38:38","date_gmt":"2018-06-24T01:38:38","guid":{"rendered":"https:\/\/www.desguacespaco.es\/lubricantes-mannol\/?post_type=product&#038;p=82"},"modified":"2018-09-13T18:55:45","modified_gmt":"2018-09-13T16:55:45","slug":"mannol-10w-40-classic","status":"publish","type":"product","link":"https:\/\/www.desguacespaco.es\/lubricantes-mannol\/producto\/mannol-10w-40-classic\/","title":{"rendered":"MANNOL 10W-40 CLASSIC"},"content":{"rendered":"<p>MANNOL Classic 10W-40 es una aceite de motor multigrado, multiusos y semisint\u00e9tico. Contiene aditivos especiales y previene contra el desgaste y el consumo excesivo de combustible. Ofrece una lubricaci\u00f3n segura incluso a bajas temperaturas. Previene eficazmente la formaci\u00f3n de barro. Dise\u00f1ado para todo tipo de motores modernos: con o sin turbocompresor, multiv\u00e1lvulas, inyecci\u00f3n directa o motores de gas.<\/p>\n<h2>ENVASES:<\/h2>\n<ul>\n<li>1L<\/li>\n<li>5L<\/li>\n<li>20L<\/li>\n<li>60L<\/li>\n<li>208L<\/li>\n<li>1000L<\/li>\n<\/ul>\n<h2>Cumple con los requerimientos y especificaciones:<\/h2>\n<ul>\n<li>SAE 10W-40<\/li>\n<li>API SN\/SM\/CF<\/li>\n<li>ACEA A3\/B4<\/li>\n<li>MB 229.1<\/li>\n<li>RENAULT RN0700<\/li>\n<li>VW 502.00\/505.00<\/li>\n<\/ul>\n","protected":false},"excerpt":{"rendered":"<p>MANNOL Classic 10W-40 es una aceite de motor multigrado, multiusos y semisint\u00e9tico.<\/p>\n","protected":false},"featured_media":74,"comment_status":"open","ping_status":"closed","template":"","meta":[],"_links":{"self":[{"href":"https:\/\/www.desguacespaco.es\/lubricantes-mannol\/wp-json\/wp\/v2\/product\/82"}],"collection":[{"href":"https:\/\/www.desguacespaco.es\/lubricantes-mannol\/wp-json\/wp\/v2\/product"}],"about":[{"href":"https:\/\/www.desguacespaco.es\/lubricantes-mannol\/wp-json\/wp\/v2\/types\/product"}],"replies":[{"embeddable":true,"href":"https:\/\/www.desguacespaco.es\/lubricantes-mannol\/wp-json\/wp\/v2\/comments?post=82"}],"wp:featuredmedia":[{"embeddable":true,"href":"https:\/\/www.desguacespaco.es\/lubricantes-mannol\/wp-json\/wp\/v2\/media\/74"}],"wp:attachment":[{"href":"https:\/\/www.desguacespaco.es\/lubricantes-mannol\/wp-json\/wp\/v2\/media?parent=82"}],"curies":[{"name":"wp","href":"https:\/\/api.w.org\/{rel}","templated":true}]}}